ulate the greatest common factor of j and 3.
3
Let s = 8 + -5. Let o be 2 - (-1*s + 2). Suppose 2*u - 4*r + 2 = 0, o*r + 6 = 21. Calculate the greatest common divisor of 45 and u.
9
Suppose 0 = s + 3*s - 4. Let u = -3 + s. Let o(a) = -13*a**3 - a**2 - 4*a - 3. Let q be o(u). Calculate the highest common factor of q and 21.
21
Suppose -3*p + 6 = -3*u + 57, 2*p + 17 = u. Calculate the highest common factor of 136 and u.
17
Let y(o) = o**3 + 5*o**2 - 3*o + 3. Let d be y(-5). Let s(b) = 6*b**2 + 5*b + 12. Let w be s(-6). What is the highest common divisor of w and d?
18
Let j be -3 + (-187)/(-4) + (-14)/(-56). What is the greatest common factor of 4 and j?
4
Let z = 1 + 0. Let g be (20/(-50))/(z/(-5)). What is the greatest common divisor of g and 10?
2
Suppose l - 1 = 2. Let s be (-64)/l*(-6 + 3). Calculate the greatest common divisor of s and 8.
8
Let y be (-4 - (0 + 30))/(-1*2). What is the highest common divisor of 85 and y?
17
Let i(j) = j**2 - 2*j + 2. Let m be i(2). Suppose m*r = o + 7, 3*o = -5*r + 7*o + 16. Calculate the highest common factor of r and 28.
4
Suppose h - 2 = 0, -l = -3*h + h - 139. Let u = -2 - -11. Let v be (-3 - u/(-3)) + 13. Calculate the highest common factor of l and v.
13
Let m = 9 - 1. Suppose 2*q - 16 - m = 0. Calculate the greatest common divisor of q and 36.
12
Suppose -3*q + 28 = -2*z, -q - 1 + 10 = -z. Let y = 4 - q. Let d be 24/(-10)*15/y. Calculate the greatest common divisor of d and 12.
6
Suppose 4*f = 2*h - 3*h - 9, -f + 3 = -5*h. Let l be (f + -1 - -5)*24. What is the highest common factor of 6 and l?
6
Let n = -4 + 7. Suppose w - 5*y - 11 = 0, -5*w + 107 = -n*y + 30. Let x be 614/8 + 4/w. What is the highest common factor of 11 and x?
11
Suppose 3*c + c - 24 = 0. Suppose -c*f = -f - 500. Suppose 3*r - 91 - 35 = -3*n, -2*r - 3*n = -86. What is the highest common factor of f and r?
20
Let b = 192 - 271. Let i be b/(-6) - 6/36. Calculate the highest common divisor of 104 and i.
13
Suppose -2*z - a + 14 = -4*a, z + 6 = -5*a. What is the highest common divisor of z and 4?
4
Let u be (-2)/(-3)*3/1. Let z be u - -12 - 0/(-3). Let v be (-4)/6 - (-65)/3. Calculate the highest common divisor of v and z.
7
Suppose 5*l - 51 = -3*m, 0 = -5*l + 2*m + 41 - 0. Let v be (0 + 1)*19 - 1. What is the greatest common factor of v and l?
9
Let i(o) = o**2 + 3*o - 4. Let t be i(-4). Suppose p + t = 5. Suppose 156 = 4*l - 7*m + 3*m, -p*l - 3*m = -163. What is the highest common factor of l and 5?
5
Let s = -11 + 11. Let l = 5 + s. Suppose i + 0*i - 35 = 0. Calculate the highest common factor of l and i.
5
Let z(k) = 12*k + 5. Let h be z(6). What is the greatest common factor of 11 and h?
11
Let l(w) = w - 4. Let t be l(6). Let g be -2*(1 - t) - 0. Let c = 5 - -5. What is the highest common factor of c and g?
2
Suppose 3*q - 4*q = -j - 17, 0 = -2*q - 5*j + 48. Let y(b) = -b**3 + b**2 + 4*b - 7. Let n be y(-4). Calculate the highest common factor of n and q.
19
Let x(t) = -2*t + 20. Let b be x(-8). What is the greatest common factor of 27 and b?
9
Let v = 11 + -6. Let g = v + -4. What is the highest common divisor of g and 3?
1
Let h be (1 + -16)*14/(-35). What is the greatest common factor of 48 and h?
6
Suppose 3*l = 4*u + 3, -4*u + 22 = -2*l + 4*l. Let z = -8 + 10. Suppose 0 = -z*f + 3*g - 7, -f + g + 1 = 3*f. Calculate the greatest common divisor of l and f.
1
Suppose 4*j - 3*j - 4 = 0. Calculate the highest common factor of j and 4.
4
Suppose 0 = 5*r - 2*d - 36, 21 = 5*r - 3*r - 3*d. Let y(u) = u - 3. Let k be y(r). Suppose 99 = 2*i + k. What is the highest common divisor of 24 and i?
24
Let o(z) = z - 6. Let a be o(7). Let h(b) = -5 + 1 + b - 3*b. Let p be h(-4). What is the highest common divisor of a and p?
1
Let z be ((-1)/(-4))/((-6)/(-264)). Suppose l = 3*l - s + 548, 4*l - 5*s = -1084. Let r = -166 - l. What is the greatest common divisor of r and z?
11
Let u(p) = p**3 + 9*p**2 - 11*p + 3. Let n be u(-10). Calculate the highest common divisor of 65 and n.
13
Let b = 8 + -15. Let n be (b/14)/((-2)/24). Suppose 0*y = y - n. Calculate the greatest common factor of y and 66.
6
Let l(c) = c**3 - 10*c**2 - 14*c - 25. Let t be l(12). Calculate the greatest common factor of t and 19.
19
Let o = 79 + -75. What is the highest common factor of o and 20?
4
Let t(h) = 14*h - 1. Let v be t(5). Calculate the greatest common divisor of v and 46.
23
Suppose -3*o = y + o - 37, -2*y = o - 46. Let m = y + -14. What is the greatest common divisor of m and 21?
7
Let p = -8 + 10. Let n(i) = 7*i**2 - 3*i. Let h be n(2). What is the highest common divisor of h and p?
2
Suppose 0*j + 4*j = 0. Suppose j = -2*n + 11 + 37. Suppose -3*o + n = 2*f, -f - 3*f - 4*o + 40 = 0. What is the greatest common divisor of f and 48?
6
Suppose o = -2*g, -4*g = -0*g - 2*o - 8. Let m(s) = s + 2. Let q be m(g). Calculate the highest common factor of 2 and q.
1
Let y be 1/1 + (5 - 1). Suppose -y*o - 5*p + 245 = 0, 0*p = 5*o - 4*p - 200. Let m be -1 + (o + -2)/2. Calculate the greatest common divisor of 220 and m.
20
Suppose -5*t + r + 89 = -2*t, 35 = t - 3*r. What is the greatest common factor of t and 58?
29
Let a = -22 - -25. What is the highest common divisor of a and 24?
3
Suppose 21 = 2*y + c, -32 = -4*y - 5*c + c. Let d = -143 - -260. What is the greatest common factor of d and y?
13
Let q(k) = -2*k**2 + 0*k - 7*k + 1 + 3*k**2 - 5. Let r be q(-5). Suppose a = -3*a + r. Calculate the greatest common divisor of 7 and a.
7
Suppose -5*b = -2*g - 0*b + 132, 3*b = -3*g + 156. Suppose -d - 5 = 0, -2*o + 3 = d - 6. Calculate the highest common factor of o and g.
7
Let g be (5 + -4)*1*10. Calculate the highest common factor of g and 120.
10
Let o = -10 - -15. Suppose -4 = d + 5*x, -d + 5*x + 8 = 2. What is the highest common factor of d and o?
1
Let h be (-1)/(-3) + 4/(-12). Suppose 0 = f - h*f - 4. What is the highest common divisor of f and 12?
4
Let n(h) = 16*h - 1. Let s be n(1). Suppose 0*o - s = -3*o. Suppose o*x + 0*x - 2*c = 69, x + 2*c - 9 = 0. What is the greatest common divisor of x and 26?
13
Let g = 14 + -5. Let x = -7 + g. Calculate the greatest common divisor of 4 and x.
2
Let c = 4 - -2. Let q(w) = w**3 + 7*w**2 + 7*w. Let v be q(-5). Let j be -6*(-2)/(6/v). What is the greatest common divisor of j and c?
6
Let r = -3 - -17. Let t be -1 + -2 - (r + -1). Let l be t/10*35/(-14). Calculate the highest common divisor of 20 and l.
4
Let s(q) = -2*q - 7. Let a be s(-5). Let l be ((-2)/a)/((-6)/117). Calculate the highest common divisor of 26 and l.
13
Let z(w) = -w**3 + w. Let f(b) = -5*b**3 - 8*b**2 - 4*b - 6. Let n(c) = -f(c) + 4*z(c). Let k be n(-6). What is the greatest common factor of k and 15?
15
Let z be (34/4)/((-10)/(-20)). Calculate the greatest common factor of 187 and z.
17
Suppose -4*s + 5*b - 680 = -0*b, 0 = 4*s - b + 664. Let j = 44 - s. Calculate the highest common factor of j and 19.
19
Let o(h) = -1. Let t(g) = g**2 + 7*g - 2. Let z(i) = 6*o(i) - t(i). Let u be z(-5). What is the greatest common factor of u and 9?
3
Let z be ((-2)/4)/(2/(-32)). Let c = z - -8. What is the greatest common divisor of 112 and c?
16
Suppose 0 = -4*p + 15 + 249. What is the highest common factor of 6 and p?
6
Let l be (-2)/6*(-22 + 1). Suppose 0*g = 5*g - 10. Suppose g*d = -0*d + 126. What is the highest common divisor of l and d?
7
Let k(u) be the first derivative of u**2 - 7*u + 4. Let q be k(6). What is the greatest common divisor of q and 2?
1
Suppose -6 - 66 = -12*o. Let f be (3/(-2))/(2/(-16)). What is the highest common divisor of f and o?
6
Suppose 4*m - 210 = -m. Let c(q) = 64*q**2 + q - 3*q + 3*q. Let r be c(-1). Calculate the greatest common factor of m and r.
21
Suppose 3*n + c - 6 - 40 = 0, -2*n = 5*c - 9. Let r(a) = -a**2 - a - 2. Let h be r(0). Let u be 17*h*36/(-8). Calculate the greatest common divisor of n and u.
17
Suppose s = 4*v + 25, 5*v + 0 = -25. Suppose s*q - 16 = -1. Suppose 0 = q*m - 4*g - 37, -3*m + 2*g = -0*g - 35. What is the highest common divisor of 22 and m?
11
Suppose t + 6 = n + n, 14 = t + 3*n. Suppose t*a = 4*a - 28. Calculate the greatest common divisor of a and 21.
7
Let s = 13 + -10. Calculate the greatest common factor of s and 3.
3
Let v = -25 - -45. Let i(x) = -x**2 - 8*x + 1. Let n = -15 + 8. Let j be i(n). What is 